 factors of 247999500?
2, 3, 5, 7, 7873
What are the prime factors of 979902918?
2, 3, 1093, 49807
What are the prime factors of 2448326964?
2, 3, 263, 521, 1489
List the prime factors of 84149373.
3, 7, 11, 137, 2659
What are the prime factors of 65943391?
17, 3879023
What are the prime factors of 25319894?
2, 19, 269, 2477
What are the prime factors of 5482685092?
2, 2267, 604619
What are the prime factors of 31394321?
7, 61, 73523
List the prime factors of 3799818965.
5, 759963793
List the prime factors of 683769530.
2, 5, 19, 23, 6803
List the prime factors of 1868553485.
5, 373710697
List the prime factors of 754927566.
2, 3, 947, 132863
What are the prime factors of 6389825697?
3, 53, 55127
List the prime factors of 319791516.
2, 3, 11, 43, 103, 547
What are the prime factors of 71951809?
71951809
List the prime factors of 58682131.
23, 2551397
What are the prime factors of 205841992?
2, 83, 151, 2053
List the prime factors of 149869768.
2, 109, 171869
What are the prime factors of 1205706748?
2, 301426687
What are the prime factors of 1149173395?
5, 17, 577, 23431
List the prime factors of 22245191.
1367, 16273
List the prime factors of 123446252.
2, 47, 269, 2441
List the prime factors of 686980861.
7, 98140123
List the prime factors of 43584628.
2, 43, 71, 83
List the prime factors of 98073210.
2, 3, 5, 127, 25741
List the prime factors of 356993382.
2, 3, 1453, 40949
What are the prime factors of 23860967?
13, 37, 113, 439
List the prime factors of 3796579.
61, 109, 571
What are the prime factors of 185379001?
53, 3497717
List the prime factors of 1122812600.
2, 5, 7, 13, 17, 19, 191
What are the prime factors of 28073944?
2, 19, 191, 967
List the prime factors of 297136789.
297136789
List the prime factors of 605497769.
151, 4009919
What are the prime factors of 56376813?
3, 18792271
What are the prime factors of 40715480?
2, 5, 13, 19, 317
List the prime factors of 118843087.
11, 761, 14197
What are the prime factors of 112077034?
2, 56038517
List the prime factors of 2728715.
5, 11, 49613
List the prime factors of 572611517.
572611517
List the prime factors of 155648409.
3, 7, 7411829
List the prime factors of 992082451.
257, 1327, 2909
List the prime factors of 9258453.
3, 19, 29, 1867
What are the prime factors of 2775008905?
5, 79, 7025339
What are the prime factors of 1205961008?
2, 7, 19, 31, 101, 181
List the prime factors of 1119090271.
13, 37, 311, 7481
What are the prime factors of 281155232?
2, 29, 302969
List the prime factors of 2465010289.
7, 13151, 26777
What are the prime factors of 205392602?
2, 1877, 54713
List the prime factors of 459266369.
23, 367, 54409
What are the prime factors of 513106319?
11, 61, 764689
List the prime factors of 13455924.
2, 3, 509, 2203
What are the prime factors of 23369568?
2, 3, 243433
What are the prime factors of 1032123168?
2, 3, 19, 62873
List the prime factors of 96531674.
2, 48265837
List the prime factors of 526567721.
3251, 161971
List the prime factors of 2154460145.
5, 430892029
List the prime factors of 497490706.
2, 1511, 164623
What are the prime factors of 654979595?
5, 130995919
List the prime factors of 959901755.
5, 19, 1951, 5179
What are the prime factors of 362336468?
2, 13, 6968009
List the prime factors of 101798447.
19, 61, 87833
List the prime factors of 22040108.
2, 5510027
What are the prime factors of 3296587205?
5, 659317441
What are the prime factors of 146131552?
2, 7, 652373
List the prime factors of 26954558.
2, 61, 220939
List the prime factors of 168234147.
3, 241, 77563
What are the prime factors of 21589598?
2, 10794799
What are the prime factors of 444179368?
2, 55522421
What are the prime factors of 324097537?
17, 131, 145531
List the prime factors of 129291876.
2, 3, 7, 109, 523
What are the prime factors of 20441066?
2, 23, 107, 4153
List the prime factors of 3367423162.
2, 19, 317, 14713
What are the prime factors of 30824184?
2, 3, 1284341
What are the prime factors of 22528081?
373, 60397
What are the prime factors of 5125004749?
2663, 1924523
What are the prime factors of 408266772?
2, 3, 3067, 11093
List the prime factors of 34642666.
2, 47, 368539
List the prime factors of 6138484.
2, 11, 139511
What are the prime factors of 2769946352?
2, 359, 482233
What are the prime factors of 950678010?
2, 3, 5, 10563089
List the prime factors of 4578149378.
2, 11, 31, 163, 41183
What are the prime factors of 11751518?
2, 2161, 2719
List the prime factors of 70610165.
5, 317, 44549
List the prime factors of 2083473092.
2, 1433, 363481
List the prime factors of 1167956573.
7, 166850939
List the prime factors of 2255440.
2, 5, 11, 233
List the prime factors of 510063575.
5, 7, 41, 71089
List the prime factors of 5754609030.
2, 3, 5, 47, 4081283
List the prime factors of 279745083.
3, 79, 43717
What are the prime factors of 706158416?
2, 41, 1076461
What are the prime factors of 176086032?
2, 3, 43, 85313
What are the prime factors of 906643656?
2, 3, 12592273
What are the prime factors of 25861446?
2, 3, 13, 29, 37, 103
What are the prime factors of 169349014?
2, 19, 4456553
List the prime factors of 630757511.
17, 29, 1279427
What are the prime factors of 4070435?
5, 47, 17321
What are the prime factors of 3968031089?
11, 97, 3718867
List the prime factors of 36387353.
47, 774199
What are the prime factors of 4133874971?
15271, 270701
What are the prime factors of 199693710?
2, 3, 5, 29, 76511
List the prime factors of 607168715.
5, 121433743
What are the prime factors of 341186535?
3, 5, 7581923
What are the prime factors of 641434279?
641434279
List the prime factors of 5675288430.
2, 3, 5, 7, 27025183
What are the prime factors of 1633169732?
2, 408292433
What are the prime factors of 25166859?
3, 8388953
List the prime factors of 1492205351.
7, 13, 1867, 8783
List the prime factors of 171160581.
3, 29, 443, 4441
What are the prime factors of 261360101?
31, 1493, 5647
List the prime factors of 14275278.
2, 3, 9791
List the prime factors of 20955163.
31, 675973
List the prime factors of 34079058.
2, 3, 13, 145637
What are the prime factors of 2349296755?
5, 13, 36143027
What are the prime factors of 28460042?
2, 13, 331, 3307
List the prime factors of 1292915150.
2, 5, 307, 84229
What are the prime factors of 1476031513?
11, 6763, 19841
List the prime factors of 65193307.
73, 893059
What are the prime factors of 2934643466?
2, 1467321733
List the prime factors of 715659997.
13, 1091, 50459
List the prime factors of 5380715.
5, 1076143
List the prime factors of 565915174.
2, 11, 43, 598219
What are the prime factors of 85504255?
5, 599, 28549
List the prime factors of 63618040.
2, 5, 73, 21787
List the prime factors of 2851875718.
2, 19, 29, 2587909
What are the prime factors of 2126928965?
5, 7, 1201, 50599
List the prime factors of 52921360.
2, 5, 661517
List the prime factors of 669132534.
2, 3, 7, 2275961
List the prime factors of 795382688.
2, 23, 1080683
What are the prime factors of 428279878?
2, 13, 17, 968959
What are the prime factors of 8467755616?
2, 83, 3188161
List the prime factors of 828771669.
3, 11, 181, 571
What are the prime factors of 351752506?
2, 7, 83, 263, 1151
What are the prime factors of 49266438?
2, 3, 13, 107, 5903
What are the prime factors of 162708568?
2, 11, 373, 4957
List the prime factors of 2482488001.
7, 2203, 160981
What are the prime factors of 70512733?
23, 43, 83, 859
What are the prime factors of 31009183?
31009183
What are the prime factors of 71358691?
1093, 65287
What are the prime factors of 42465882?
2, 3, 61, 116027
List the prime factors of 453835970.
2, 5, 7, 31, 41, 5101
What are the prime factors of 18457778?
2, 19, 485731
What are the prime factors of 73162759?
31, 2360089
List the prime factors of 489104628.
2, 3, 37, 1101587
List the prime factors of 616883481.
3, 68542609
What are the prime factors of 1373932615?
5, 11, 83, 27361
List the prime factors of 4837570769.
4837570769
List the prime factors of 3247310929.
2161, 1502689
What are the prime factors of 75137391?
3, 7, 127, 9391
List the prime factors of 1640866231.
17, 96521543
List the prime factors of 4729337.
4729337
List the prime factors of 21761363.
13, 1673951
What are the prime factors of 764614846?
2, 382307423
List the prime